t is -1 + 54?
53
In base 10, what is -17 - -215?
198
In base 5, what is -12 - 412?
-424
In base 5, what is -1444 + 4?
-1440
In base 11, what is -62 + -6?
-68
In base 8, what is 453 - 24?
427
In base 2, what is -111101010 - -1100?
-111011110
In base 4, what is -2 - -32011?
32003
In base 10, what is 115 + -2?
113
In base 12, what is -44 + 51?
9
In base 14, what is 6a + 14?
80
In base 4, what is -3 + -22030?
-22033
In base 14, what is 11 - 132?
-121
In base 8, what is -347 - 11?
-360
In base 14, what is 5 + b6?
bb
In base 4, what is 0 - 30222?
-30222
In base 6, what is -24 + -130?
-154
In base 7, what is 2 - -100?
102
In base 16, what is -4 - -15e?
15a
In base 6, what is -4 - -10300?
10252
In base 3, what is 2 - -10?
12
In base 13, what is -ba - -a?
-b0
In base 6, what is -1432 + 1?
-1431
In base 6, what is 1 - -15335?
15340
In base 6, what is 0 - 54?
-54
In base 4, what is 203 + -32?
111
In base 4, what is 332 - -1?
333
In base 4, what is 11 + 10222?
10233
In base 16, what is 3 + 224?
227
In base 2, what is 10011001101 + 1000?
10011010101
In base 9, what is 4 + -72?
-67
In base 15, what is 0 + -6e?
-6e
In base 11, what is -16611 + 3?
-16609
In base 3, what is 2 + -10102?
-10100
In base 9, what is 2 - 5583?
-5581
In base 12, what is -1 + -77?
-78
In base 5, what is 1 + -332?
-331
In base 6, what is 115250 + 4?
115254
In base 3, what is -11 - -121?
110
In base 6, what is -4 + -31124?
-31132
In base 12, what is 2 - -1895?
1897
In base 9, what is -405 + 30?
-365
In base 11, what is 8 - 17?
-a
In base 11, what is 7 - -120?
127
In base 3, what is 21000 + 11?
21011
In base 9, what is -73 - -22?
-51
In base 16, what is -3 - -b2e?
b2b
In base 5, what is -1042 - -110?
-432
In base 14, what is -caa + 4?
-ca6
In base 10, what is -140 - 3?
-143
In base 10, what is -1 + -796?
-797
In base 10, what is 2 - -4600?
4602
In base 13, what is -4 - -3c?
38
In base 11, what is 3a + 41?
80
In base 4, what is 10 - -110?
120
In base 10, what is 176 - 18?
158
In base 11, what is -66 - 1?
-67
In base 7, what is -3 + -1641?
-1644
In base 12, what is 5 - 26?
-21
In base 15, what is -e - 8?
-17
In base 11, what is 11 - 122?
-111
In base 16, what is -224 - 5?
-229
In base 14, what is 98a + 3?
98d
In base 8, what is -62330 - 0?
-62330
In base 16, what is 459 - 2?
457
In base 12, what is 4 - -61a?
622
In base 2, what is 11001100 - 11?
11001001
In base 13, what is 0 - 50c?
-50c
In base 3, what is -2101 + -200?
-10001
In base 7, what is -155 - 10?
-165
In base 16, what is 73e - 1?
73d
In base 12, what is -94 - 1?
-95
In base 7, what is -15 - -545?
530
In base 7, what is 1416 - 2?
1414
In base 15, what is 2 - 7d?
-7b
In base 6, what is 23454 + 2?
23500
In base 10, what is -3 - -34?
31
In base 2, what is 11110 + -101?
11001
In base 15, what is 9c9 + -3?
9c6
In base 13, what is 31 - 241?
-210
In base 5, what is 0 + -13014?
-13014
In base 12, what is 5 - a03?
-9ba
In base 10, what is -66 - 14?
-80
In base 2, what is 100 + 10000000?
10000100
In base 8, what is 344 + -5?
337
In base 3, what is 1001 - -10110?
11111
In base 13, what is 13 - -1?
14
In base 9, what is 103 - -5?
108
In base 8, what is 41 + -31?
10
In base 11, what is -25 - -a?
-16
In base 5, what is -30223 + -1?
-30224
In base 13, what is 14 - -3?
17
In base 4, what is 233131 + 2?
233133
In base 13, what is -1 - -c3?
c2
In base 11, what is 6234 + -3?
6231
In base 4, what is 120 + -10?
110
In base 11, what is -3 - -5?
2
In base 9, what is -7 - 306?
-314
In base 6, what is 0 + 42?
42
In base 10, what is 289 - 5?
284
In base 12, what is 195 - 2?
193
In base 5, what is -1 - 121?
-122
In base 12, what is b + 9?
18
In base 9, what is 15428 - 0?
15428
In base 13, what is 31 - -5?
36
In base 15, what is -9 + 12?
8
In base 9, what is 3 + 773?
776
In base 2, what is 100 + 101010?
101110
In base 12, what is 2 + 254?
256
In base 4, what is 31220 + 3?
31223
In base 11, what is 1a2 - -2?
1a4
In base 6, what is -51 - 1522?
-2013
In base 6, what is -2001 + -2?
-2003
In base 5, what is -1 - -1031?
1030
In base 12, what is -13b + -28?
-167
In base 2, what is 0 + 110001?
110001
In base 16, what is 0 - 11?
-11
In base 6, what is 2 - -252?
254
In base 4, what is -23 - -1313?
1230
In base 14, what is 2 - -2c?
30
In base 5, what is -11110 - 0?
-11110
In base 11, what is -443 + 0?
-443
In base 10, what is 5 + 713?
718
In base 16, what is 3be + -2?
3bc
In base 9, what is 64 - -5?
70
In base 9, what is 5 - -12?
17
In base 10, what is -498 - -3?
-495
In base 6, what is -5 - -2045?
2040
In base 6, what is 2301 - 1?
2300
In base 4, what is 1302 + 2?
1310
In base 11, what is 12 + -2a?
-18
In base 5, what is -114 + -3402?
-4021
In base 16, what is -33 - 2?
-35
In base 4, what is -1321 + 122?
-1133
In base 11, what is -20 - -4?
-17
In base 16, what is 9 + 76?
7f
In base 4, what is -20 + -2020?
-2100
In base 14, what is -15a + -3?
-15d
In base 4, what is 1211313 - 1?
1211312
In base 15, what is -b1 - 33?
-e4
In base 8, what is 46 - -5?
53
In base 4, what is 1012 - -11?
1023
In base 8, what is -5 + -100?
-105
In base 14, what is 5 + 1a?
21
In base 11, what is 6 + -1880?
-1875
In base 4, what is -20030 - -12?
-20012
In base 13, what is 2 - 86?
-84
In base 11, what is 212 + 1?
213
In base 11, what is -206 + 49?
-168
In base 7, what is -4156 + -3?
-4162
In base 4, what is 2 + -102?
-100
In base 15, what is 3444 + 5?
3449
In base 3, what is -20 - -101?
11
In base 14, what is 5 + -61?
-5a
In base 14, what is -9 + -2?
-b
In base 11, what is -3 - 602?
-605
In base 3, what is 110102211 - -11?
110102222
In base 9, what is 70 - -172?
252
In base 13, what is 4 + -300b?
-3007
In base 4, what is -2113321 - -1?
-2113320
In base 10, what is 149 - 4?
145
In base 10, what is 191 - -1?
192
In base 5, what is 1410 + 21?
1431
In base 16, what is 230 + -5?
22b
In base 15, what is 11 + -5?
b
In base 7, what is 122 + 201?
323
In base 11, what is 18 - -6?
23
In base 2, what is -110101111 + 11?
-110101100
In base 9, what is 31 + -36?
-5
In base 14, what is 0 + 3a?
3a
In base 2, what is -101 - 101010?
-101111
In base 2, what is 10000 + -101001?
-11001
In base 6, what is -1 + 420?
415
In base 9, what is 1034 + 1?
1035
In base 11, what is -12 + -42?
-54
In base 9, what is 355 + 3?
358
In base 7, what is -24 + 46?
22
In base 2, what is -100111 - 100?
-101011
In base 5, what is 13 - 2424?
-2411
In base 4, what is 11 - 3102?
-3031
In base 14, what is 4 - a3?
-9d
In base 5, what is -33 + -2?
-40
In base 6, what is 20 - -2052?
2112
In base 6, what is -32 + -312?
-344
In base 13, what is -10b + 4?
-107
In base 2, what is 10100000 + 101?
10100101
In base 6, what is 23 - -103?
130
In base 5, what is -13 - -144?
131
In base 3, what is 2 + 10121?
10200
In base 9, what is 347 - 2?
345
In base 10, what is 5 + 127?
132
In base 15, what is -326 + 5?
-321
In base 3, what is -210111102 + 0?
-210111102
In base 11, what is 2 - -5860?
5862
In base 7, what is -212 + -21?
-233
In base 11, what is 51 - 12?
3a
In base 8, what is -5 - 626?
-633
In base 2, what is 1000111 + 10?
1001001
In base 16, what is 32 + 5?
37
In base 14, what is 4 - -8?
c
In base 14, what is -61 + 1b?
-44
In base 9, what is 2 - 1560?
-1557
In base 5, what is 10010 + -10?
10000
In base 16, what is -2 - 82?
-84
In base 8, what is -4 + 42?
36
In base 10, what is 3571 - -2?
3573
In base 9, what is -104 - 41?
-145
In base 12, what is 168 + -2?
166
In base 7, what is 4 + 545?
552
In base 10, what is 1 - -1746?
1747
In base 7, what is 33 + -11?
22
In base 8, what is -337 - -1?
-336
In base 9, what is 22 + 244?
266
In base 16, what is 0 + 63?
63
In base 10, what is -23 - 15?
-38
In base 13, what is 97 - -3?
9a
In base 6, what is -12 + 44?
32
In base 5, what is -4 - 2233?
-2242
In base 14, what is 3 - 184?
-181
In base 16, what is 86 + 2b?
b1
In base 8, what is -32 - 60?
-112
In base 8, what is 0 + -1220?
-1220
In base 2, what is -11100 - -101?
-10111
In base 10, what is -406 - 2?
-408
In base 3, what is 11 - 100?
-12
In base 10, what is -8 - 28?
-36
In base 11, what is 4a - 5a?
-10
In base 16, what is -2 + -b5?
-b7
In base 10, what is 7 + 79?
86
In base 10, what is 8408 - 3?
8405
In base 14, what is 54 + -33?
21
In base 6, what is -4 - 25?
-33
In base 9, what is -3 - -1685?
1682
In base 16, what is 0 + -40?
-40
In base 9, what is -2 - 170?